{"id":83,"date":"2019-05-21T14:44:12","date_gmt":"2019-05-21T12:44:12","guid":{"rendered":"http:\/\/www.domi-astrologie34.fr\/?page_id=83"},"modified":"2019-05-21T15:26:58","modified_gmt":"2019-05-21T13:26:58","slug":"contact","status":"publish","type":"page","link":"https:\/\/www.domi-astrologie34.fr\/?page_id=83","title":{"rendered":""},"content":{"rendered":"\n<p>Vous \u00eates\nint\u00e9ress\u00e9(e), ou vous d\u00e9sirez d&rsquo;autres informations ? <\/p>\n\n\n\n<p>Vous pouvez me\njoindre&nbsp;:<\/p>\n\n\n\n<ul class=\"wp-block-list\"><li>&nbsp;&nbsp;&nbsp;&nbsp;&nbsp;&nbsp;par t\u00e9l\u00e9phone au 04-67-93-58-61 <\/li><li>&nbsp;&nbsp;&nbsp;&nbsp;&nbsp;&nbsp;par mail \u00e0 l&rsquo;adresse suivante&nbsp;: <a href=\"mailto:contact@domi-astrologie34.fr\">contact@domi-astrologie34.fr<\/a>.\n<\/li><\/ul>\n\n\n\n<p><strong>Renseignements\nn\u00e9cessaires \u00e0 la mise au point du th\u00e8me astral <\/strong><\/p>\n\n\n\n<p>En dehors de vos\nnom, pr\u00e9nom et num\u00e9ro de t\u00e9l\u00e9phone, j&rsquo;ai besoin de&nbsp;:<\/p>\n\n\n\n<ul class=\"wp-block-list\"><li>&nbsp;&nbsp;&nbsp;&nbsp;&nbsp;votre date de naissance<\/li><li>&nbsp;&nbsp;&nbsp;&nbsp;&nbsp;votre heure de naissance<\/li><li>&nbsp;&nbsp;&nbsp;&nbsp;&nbsp;votre lieu de naissance&nbsp;: s&rsquo;il s&rsquo;agit\nd&rsquo;un village, pr\u00e9ciser la ville la plus proche et le d\u00e9partement (pour la\nFrance).<\/li><\/ul>\n\n\n\n<p>Je pr\u00e9cise qu&rsquo;en l&rsquo;absence de ces trois donn\u00e9es, le calcul du th\u00e8me astrologique de naissance n&rsquo;est pas r\u00e9alisable.<\/p>\n\n\n<p><!--EndFragment--><\/p>","protected":false},"excerpt":{"rendered":"<p>Vous \u00eates int\u00e9ress\u00e9(e), ou vous d\u00e9sirez d&rsquo;autres informations ? Vous pouvez me joindre&nbsp;: &nbsp;&nbsp;&nbsp;&nbsp;&nbsp;&nbsp;par t\u00e9l\u00e9phone au 04-67-93-58-61 &nbsp;&nbsp;&nbsp;&nbsp;&nbsp;&nbsp;par mail \u00e0 l&rsquo;adresse suivante&nbsp;: contact@domi-astrologie34.fr. Renseignements n\u00e9cessaires \u00e0 la mise au point du th\u00e8me astral En dehors de vos nom, pr\u00e9nom et &hellip; <a href=\"https:\/\/www.domi-astrologie34.fr\/?page_id=83\">Continuer la lecture <span class=\"meta-nav\">&rarr;<\/span><\/a><\/p>\n","protected":false},"author":1,"featured_media":0,"parent":0,"menu_order":0,"comment_status":"closed","ping_status":"closed","template":"","meta":{"footnotes":""},"class_list":["post-83","page","type-page","status-publish","hentry"],"_links":{"self":[{"href":"https:\/\/www.domi-astrologie34.fr\/index.php?rest_route=\/wp\/v2\/pages\/83","targetHints":{"allow":["GET"]}}],"collection":[{"href":"https:\/\/www.domi-astrologie34.fr\/index.php?rest_route=\/wp\/v2\/pages"}],"about":[{"href":"https:\/\/www.domi-astrologie34.fr\/index.php?rest_route=\/wp\/v2\/types\/page"}],"author":[{"embeddable":true,"href":"https:\/\/www.domi-astrologie34.fr\/index.php?rest_route=\/wp\/v2\/users\/1"}],"replies":[{"embeddable":true,"href":"https:\/\/www.domi-astrologie34.fr\/index.php?rest_route=%2Fwp%2Fv2%2Fcomments&post=83"}],"version-history":[{"count":4,"href":"https:\/\/www.domi-astrologie34.fr\/index.php?rest_route=\/wp\/v2\/pages\/83\/revisions"}],"predecessor-version":[{"id":127,"href":"https:\/\/www.domi-astrologie34.fr\/index.php?rest_route=\/wp\/v2\/pages\/83\/revisions\/127"}],"wp:attachment":[{"href":"https:\/\/www.domi-astrologie34.fr\/index.php?rest_route=%2Fwp%2Fv2%2Fmedia&parent=83"}],"curies":[{"name":"wp","href":"https:\/\/api.w.org\/{rel}","templated":true}]}}